{"id":167077,"date":"2026-03-11T13:13:58","date_gmt":"2026-03-11T12:13:58","guid":{"rendered":"https:\/\/staging.lilomino.fr\/?page_id=167077"},"modified":"2026-03-11T14:39:21","modified_gmt":"2026-03-11T13:39:21","slug":"mentions-legales","status":"publish","type":"page","link":"https:\/\/staging.lilomino.fr\/index.php\/mentions-legales\/","title":{"rendered":"Mentions l\u00e9gales"},"content":{"rendered":"<div class=\"wpb-content-wrapper\"><p>[vc_row row_height_percent=\u00a0\u00bb0&Prime; override_padding=\u00a0\u00bbyes\u00a0\u00bb h_padding=\u00a0\u00bb2&Prime; top_padding=\u00a0\u00bb2&Prime; bottom_padding=\u00a0\u00bb3&Prime; overlay_alpha=\u00a0\u00bb50&Prime; gutter_size=\u00a0\u00bb3&Prime; column_width_percent=\u00a0\u00bb100&Prime; shift_y=\u00a0\u00bb0&Prime; z_index=\u00a0\u00bb0&Prime; content_parallax=\u00a0\u00bb0&Prime; uncode_shortcode_id=\u00a0\u00bb960243&Prime;][vc_column column_width_percent=\u00a0\u00bb75&Prime; gutter_size=\u00a0\u00bb2&Prime; overlay_alpha=\u00a0\u00bb50&Prime; shift_x=\u00a0\u00bb0&Prime; shift_y=\u00a0\u00bb0&Prime; shift_y_down=\u00a0\u00bb0&Prime; z_index=\u00a0\u00bb0&Prime; medium_width=\u00a0\u00bb0&Prime; mobile_width=\u00a0\u00bb0&Prime; width=\u00a0\u00bb1\/1&Prime; uncode_shortcode_id=\u00a0\u00bb804697&Prime;][vc_column_text uncode_shortcode_id=\u00a0\u00bb209447&Prime;]<\/p>\n<p class=\"western\"><i>Derni\u00e8re mise \u00e0 jour : 11 mars 2026<\/i><\/p>\n<p class=\"western\">Conform\u00e9ment aux dispositions de la loi n\u00b0 2004-575 du 21 juin 2004 pour la confiance en l&rsquo;\u00e9conomie num\u00e9rique, il est pr\u00e9cis\u00e9 aux utilisateurs du site www.lilomino.fr l&rsquo;identit\u00e9 des diff\u00e9rents intervenants dans le cadre de sa r\u00e9alisation et de son suivi.<\/p>\n<p>[\/vc_column_text][vc_custom_heading heading_semantic=\u00a0\u00bbh3&Prime; text_font=\u00a0\u00bbfont-110819&Prime; text_size=\u00a0\u00bbh3&Prime; uncode_shortcode_id=\u00a0\u00bb130611&Prime;]\u00c9diteur du site[\/vc_custom_heading][vc_column_text uncode_shortcode_id=\u00a0\u00bb618067&Prime;]Le site www.lilomino.fr est \u00e9dit\u00e9 par :<\/p>\n<p>Association Lilomino<br \/>\n\u2022 Si\u00e8ge social : [Adresse compl\u00e8te]<br \/>\n\u2022 RNA (R\u00e9pertoire National des Associations) : [Num\u00e9ro RNA ou mention \u00ab\u00a0En cours\u00a0\u00bb]<br \/>\n\u2022 SIRET : [Num\u00e9ro SIRET si applicable ou \u00ab\u00a0N\/A\u00a0\u00bb]<br \/>\n\u2022 Email : [contact@lilomino.fr]<br \/>\n\u2022 T\u00e9l\u00e9phone : [Num\u00e9ro de t\u00e9l\u00e9phone][\/vc_column_text][vc_custom_heading heading_semantic=\u00a0\u00bbh3&Prime; text_font=\u00a0\u00bbfont-110819&Prime; text_size=\u00a0\u00bbh3&Prime; uncode_shortcode_id=\u00a0\u00bb153316&Prime;]Directrice de la publication[\/vc_custom_heading][vc_column_text uncode_shortcode_id=\u00a0\u00bb711638&Prime;]<\/p>\n<p class=\"western\">Le directeur de la publication est Mme ABREU Sandra, en qualit\u00e9 de Pr\u00e9sident(e) de l&rsquo;association Lilomino.<\/p>\n<p>[\/vc_column_text][vc_custom_heading heading_semantic=\u00a0\u00bbh3&Prime; text_font=\u00a0\u00bbfont-110819&Prime; text_size=\u00a0\u00bbh3&Prime; uncode_shortcode_id=\u00a0\u00bb804036&Prime;]H\u00e9bergement[\/vc_custom_heading][vc_column_text uncode_shortcode_id=\u00a0\u00bb495628&Prime;]Le site est h\u00e9berg\u00e9 par :<br \/>\n<strong>OVH<\/strong><\/p>\n<ul>\n<li>SAS au capital de 10 174 560 \u20ac<\/li>\n<li>RCS Lille M\u00e9tropole 424 761 419 00045<\/li>\n<li>Si\u00e8ge social : 2 rue Kellermann &#8211; 59100 Roubaix &#8211; France<\/li>\n<li>Site web : https:\/\/www.ovh.com<\/li>\n<\/ul>\n<p>[\/vc_column_text][vc_custom_heading heading_semantic=\u00a0\u00bbh3&Prime; text_font=\u00a0\u00bbfont-110819&Prime; text_size=\u00a0\u00bbh3&Prime; uncode_shortcode_id=\u00a0\u00bb202734&Prime;]Conception et r\u00e9alisation[\/vc_custom_heading][vc_column_text uncode_shortcode_id=\u00a0\u00bb514003&Prime;]Le site a \u00e9t\u00e9 con\u00e7u et r\u00e9alis\u00e9 par&nbsp;: <a href=\"https:\/\/www.desaplanete.com\/\">www.desaplanete.com<\/a>[\/vc_column_text][vc_custom_heading heading_semantic=\u00a0\u00bbh3&Prime; text_font=\u00a0\u00bbfont-110819&Prime; text_size=\u00a0\u00bbh3&Prime; uncode_shortcode_id=\u00a0\u00bb360098&Prime;]Propri\u00e9t\u00e9 intellectuelle[\/vc_custom_heading][vc_column_text uncode_shortcode_id=\u00a0\u00bb248415&Prime;]L&rsquo;ensemble du contenu de ce site (textes, images, vid\u00e9os, graphismes, logo, ic\u00f4nes, etc.) est la propri\u00e9t\u00e9 exclusive de l&rsquo;association Lilomino, sauf mention contraire.<\/p>\n<p>Toute reproduction, distribution, modification, adaptation, retransmission ou publication de ces diff\u00e9rents \u00e9l\u00e9ments est strictement interdite sans l&rsquo;accord expr\u00e8s par \u00e9crit de l&rsquo;association Lilomino.<\/p>\n<p>Les marques et logos pr\u00e9sents sur le site sont prot\u00e9g\u00e9s au titre du droit des marques et ne peuvent \u00eatre utilis\u00e9s sans autorisation pr\u00e9alable.[\/vc_column_text][\/vc_column][\/vc_row]<\/p>\n<\/div>","protected":false},"excerpt":{"rendered":"<p>[vc_row row_height_percent=\u00a0\u00bb0&Prime; override_padding=\u00a0\u00bbyes\u00a0\u00bb h_padding=\u00a0\u00bb2&Prime; top_padding=\u00a0\u00bb2&Prime; bottom_padding=\u00a0\u00bb3&Prime; overlay_alpha=\u00a0\u00bb50&Prime; gutter_size=\u00a0\u00bb3&Prime; column_width_percent=\u00a0\u00bb100&Prime; shift_y=\u00a0\u00bb0&Prime; z_index=\u00a0\u00bb0&Prime; content_parallax=\u00a0\u00bb0&Prime; uncode_shortcode_id=\u00a0\u00bb960243&Prime;][vc_column column_width_percent=\u00a0\u00bb75&Prime; gutter_size=\u00a0\u00bb2&Prime; overlay_alpha=\u00a0\u00bb50&Prime; shift_x=\u00a0\u00bb0&Prime; shift_y=\u00a0\u00bb0&Prime; shift_y_down=\u00a0\u00bb0&Prime; z_index=\u00a0\u00bb0&Prime; [&hellip;]<\/p>\n","protected":false},"author":1,"featured_media":0,"parent":0,"menu_order":0,"comment_status":"closed","ping_status":"closed","template":"","meta":{"footnotes":""},"class_list":["post-167077","page","type-page","status-publish","hentry"],"_links":{"self":[{"href":"https:\/\/staging.lilomino.fr\/index.php\/wp-json\/wp\/v2\/pages\/167077","targetHints":{"allow":["GET"]}}],"collection":[{"href":"https:\/\/staging.lilomino.fr\/index.php\/wp-json\/wp\/v2\/pages"}],"about":[{"href":"https:\/\/staging.lilomino.fr\/index.php\/wp-json\/wp\/v2\/types\/page"}],"author":[{"embeddable":true,"href":"https:\/\/staging.lilomino.fr\/index.php\/wp-json\/wp\/v2\/users\/1"}],"replies":[{"embeddable":true,"href":"https:\/\/staging.lilomino.fr\/index.php\/wp-json\/wp\/v2\/comments?post=167077"}],"version-history":[{"count":14,"href":"https:\/\/staging.lilomino.fr\/index.php\/wp-json\/wp\/v2\/pages\/167077\/revisions"}],"predecessor-version":[{"id":167079,"href":"https:\/\/staging.lilomino.fr\/index.php\/wp-json\/wp\/v2\/pages\/167077\/revisions\/167079"}],"wp:attachment":[{"href":"https:\/\/staging.lilomino.fr\/index.php\/wp-json\/wp\/v2\/media?parent=167077"}],"curies":[{"name":"wp","href":"https:\/\/api.w.org\/{rel}","templated":true}]}}